 the units digit of b?
3
Let d(z) = 2*z**2 - 5*z + 3. Let j be d(4). Suppose -3*y - 2*y + j = 0. What is the units digit of y?
3
Let n(m) be the first derivative of 6*m**2 - m - 2. Let k be n(1). Let q = -6 + k. What is the units digit of q?
5
Let i = 2 - 2. Suppose y + 1 + 2 = 0, 5*d - 16 = 2*y. Suppose d*z + i*z = 6. What is the units digit of z?
3
Suppose 2*l + 2*b - 96 = b, 0 = -5*l - 2*b + 238. What is the units digit of l?
6
Let n be 2*1/2 + 1. Suppose d + n = 2*d. Suppose -d*k + 3*k = 6. What is the units digit of k?
6
Suppose -9*q = -333 - 531. What is the units digit of q?
6
Suppose 2*u + 10 = 7*u. Suppose -u*x + 96 = x. What is the tens digit of x?
3
Let r be 2 + -3 + 2 + 1. Suppose 2*k - 28 = -5*a + a, 26 = 2*k + r*a. Suppose -3*l = -5*c - 56, 3*c = -0 - k. What is the units digit of l?
2
Let w be (-4)/14 - 704/(-14). Suppose 4*h - w = 22. What is the tens digit of h?
1
What is the units digit of (-616)/(-10) + (-34)/(-85)?
2
Let w(g) = g**2 - 8*g - 14. Let l be w(11). Let j = 43 - l. What is the units digit of j*(-3)/(-6 + 0)?
2
Let u = -7 - 5. Suppose -4*h + 8*h = 104. Let y = h + u. What is the tens digit of y?
1
Suppose -5*f + 0*f + 10 = 0. Suppose 5*n = f*n - 12. Let c = n + 6. What is the units digit of c?
2
Let j(g) = -g**3 - 17*g**2 - 18*g + 12. What is the units digit of j(-16)?
4
Suppose -64 = 4*v + 3*q, q - 4*q = -4*v - 64. Let m = -2 - v. What is the tens digit of m?
1
Let z(u) = 2*u - 3. Suppose -h = -6*h + 15. Let t be z(h). What is the units digit of 2/t + (-22)/(-3)?
8
What is the tens digit of 43 - (18/(-12) - (-3)/(-2))?
4
Let f(n) = n**2 - 4*n - 9. Let m be f(9). Suppose -3*r + m = -0*r. What is the tens digit of r?
1
Let x = 12 - -17. Suppose -4*r - 3*f = -0*r - x, -5*f = -15. Let i = -4 + r. What is the units digit of i?
1
What is the units digit of (-42)/(-147) - (-5414)/14?
7
Let l(t) = t**3 - t**2 + 79. Let z be l(0). Suppose 3*v = -k - 2*v + 34, 4*k - z = -v. What is the units digit of k?
9
Suppose -10 = -4*m - m. Suppose 4*v + 5*r = -v + 195, -2*v = -m*r - 94. What is the units digit of v?
3
Let i(l) = l**2 + 5*l - 5. What is the units digit of i(-7)?
9
Let v(h) = -h**2 - 16*h - 30. What is the units digit of v(-13)?
9
Let j = 90 - 45. What is the tens digit of j?
4
Let r = 77 + -43. What is the tens digit of r?
3
Let r(u) = -30*u - 22. What is the tens digit of r(-7)?
8
What is the units digit of (-168)/(-5)*6*40/36?
4
Let c(k) = -k**3 + 6*k**2 - 5*k - 3. Suppose 4 = -2*p + 3*p. What is the units digit of c(p)?
9
Let b = -14 - -20. Suppose 3*i + 0 = b. Let f = i + 2. What is the units digit of f?
4
Let g(k) = k + 2. Let v(o) = -2*o - 1. Let s(c) = -3*g(c) - 4*v(c). What is the units digit of s(5)?
3
Let j(r) = 2*r + 6. What is the tens digit of j(10)?
2
Suppose 15 = -2*q - 2*k - 17, 0 = 4*k + 16. Let j = 14 + q. What is the units digit of j?
2
Let r(n) be the first derivative of -9*n**4/4 - n**3/3 - n**2/2 - 2. What is the units digit of r(-1)?
9
Suppose 4*w + 36 - 144 = 0. What is the tens digit of w?
2
Suppose 164 - 52 = y - 5*s, -2*y + 4*s + 212 = 0. What is the units digit of y?
2
Let t(m) = -m**3 - m**2 - m - 2. Suppose -z - 1 = 1. What is the units digit of t(z)?
4
What is the units digit of (2 + (-36)/15)*-20?
8
Suppose -602 = -4*v - 46. What is the hundreds digit of v?
1
Let v(l) = -92*l**2 - l - 1. Let g be v(-1). Let m = g + 158. Suppose 3*r - m = 3*x, -2*r - 2*x + 64 = 2*r. What is the units digit of r?
8
Suppose 0 = -4*f - 3 + 11. Suppose -v - 36 = -f*v. What is the tens digit of v?
3
Suppose -2*x - m = -109, m = 3*x + x - 233. What is the tens digit of x?
5
Let x(u) = -11*u + 2. Let y(a) = -a**2 + 7*a - 8. Let n be y(6). Let l be x(n). Suppose 4*i + 5*j - 53 = 0, l = 3*j + 9. What is the units digit of i?
7
Suppose -5*x + 3*o = -37, 18 = 3*x - x - 2*o. Let h be 4 + 2 + 1/(-1). Suppose -4*c - 4 = 0, -2*c = x*f - h - 8. What is the units digit of f?
3
Suppose 3*y = 6*y + 5*w, -5*w = y. Let z = y - 7. Let o(s) = s**3 + 6*s**2 - 6*s + 8. What is the units digit of o(z)?
1
Suppose 3*b + 16 = 2*l, b + 54 = 5*l - 3*b. Suppose -z + 2*m = 5, l = 2*z + 3*m - 4. What is the units digit of z?
3
Suppose 12 = 2*y - 4*u, -5*u + 37 = 6*y - 2*y. Suppose 2*b = 20 - y. What is the units digit of b?
6
Let q(w) = w**3 + 9*w**2 + 7*w + 7. Suppose 0 = 4*k, 0 = m + 3*m + 3*k. Suppose p + 2*v + 2 = m, 4*v = 5*p - 13 + 65. What is the tens digit of q(p)?
1
Let o(i) = i**2 - 14*i + 5. Suppose 0 = -5*u + 2*u + 45. What is the tens digit of o(u)?
2
Let n(z) be the first derivative of 2*z**2 - 3*z - 1. Suppose -4*t + 24 = -2*o, 3*t + 5*o = -0*t - 8. What is the units digit of n(t)?
3
Let s = 15 - 22. Let o = s - -10. Suppose o*z - 4*z = -5. What is the units digit of z?
5
Let l(a) = -a**3 - 14*a**2 - 2*a - 12. What is the units digit of l(-14)?
6
Let a(w) = -5*w + 2. Let d(o) = 9*o - 5. Let h(u) = -7*a(u) - 4*d(u). Let p be h(6). Suppose 0 = 4*b - p*b - 20. What is the units digit of b?
5
Suppose -m = -4*n + 9, m + 14 = 4*n - m. What is the units digit of n + 50 + -1 - 4?
6
Suppose 3*k - 15 = 8*k, -5*i + 97 = -4*k. Let q = i + -6. Suppose r = -2*d + 22, -d + q = -r - r. What is the units digit of d?
1
Let t be (-6)/(-27)*-3*-21. Let a(x) = -x**2 - x. Let d be a(-2). Let i = d + t. What is the tens digit of i?
1
What is the units digit of 114 + 0 + (3 - 5 - -4)?
6
Let y(j) be the first derivative of -j**4/4 + j**3/3 + j**2 + j - 3. What is the units digit of y(-2)?
9
Suppose 0*g - a - 50 = -g, 3*a - 235 = -4*g. Suppose -k + 11 = k + f, -5*k + 3*f = -g. What is the units digit of k?
8
Let z(x) = 5*x - 1. Let d be z(1). Suppose d*a - 174 = 3*f, 0 = 3*a - 0*f - 5*f - 125. What is the units digit of a?
5
Suppose -a = 5 - 12. Let y(q) = -6 + 5*q - 3*q**2 - q + q**3 - 4*q**2. What is the tens digit of y(a)?
2
Let v = 8 - 6. Suppose -v*w - 52 = -6*w. Suppose w = -0*k + k - 3*n, -4*k + 31 = -5*n. What is the units digit of k?
4
Suppose 6*y = 96 - 36. What is the units digit of y?
0
Let w be ((-16)/4)/(-1 + 2). Let f = w + 4. Suppose 2*z - 8 - 12 = f. What is the units digit of z?
0
Suppose 149 = 5*t - 2*k - 23, 3*t = 2*k + 100. Let x = -26 + t. Suppose 4*y + y = x. What is the units digit of y?
2
Let c(h) = -h**3 - 7*h**2 - 8*h - 6. What is the units digit of c(-6)?
6
What is the units digit of 30/(-24) + 756/16?
6
Let l be (-11)/(-5) - (-2)/(-10). Suppose 0 = -5*m + t - 2*t - 27, 4*m = l*t - 16. Let u(f) = -f**2 - 6*f + 2. What is the units digit of u(m)?
7
Suppose 0 = -4*o + a + 14 - 1, a = -2*o + 5. Suppose -4*d - o*j - 39 = -8*j, -3 = -d - 3*j. Let n = d + 11. What is the units digit of n?
5
Suppose -2*n - 5*h - 230 = 3*n, 2*n + 3*h = -97. Let i = 59 + n. What is the tens digit of i?
1
Let q(m) = -m**3 - m**2 + 4*m + 1. Suppose 0 = 7*l - 3*l + 12. What is the units digit of q(l)?
7
Let z(i) = i**3 - 6*i**2 - i + 8. Suppose -5*t + 15 + 15 = 0. What is the units digit of z(t)?
2
Let d be (-2)/(-2) - 2 - -1. Suppose -64 + 1 = -3*r + 5*h, -4*r + 4*h + 84 = d. What is the tens digit of r?
2
Suppose 2*i + 6 = -i. Let a = 4 + i. What is the units digit of 0 + a/2 - -1?
2
Let u(l) = 5*l**2 + 2*l - 2. Let p be u(-2). Suppose 5*c = 1 + p. Suppose -2*q = 5*g - 11, c*q - 13 = -3*g + 8. What is the units digit of q?
8
Let y(i) = 8*i - 7. Let c(j) = -17*j + 15. Let l(f) = 6*c(f) + 13*y(f). Let r be (-4)/(-6) - 10/(-3). What is the units digit of l(r)?
7
Let u be 6/(-2)*1 + 1. Let k(q) = q + 11. Let r be k(-8). What is the units digit of u/2 + r + 3?
5
Let o = -44 - -98. What is the tens digit of o?
5
What is the hundreds digit of (-2 + (-358)/4)/((-6)/8)?
1
Suppose 0 = 8*g - 1915 + 595. What is the hundreds digit of g?
1
Let t = 98 - 91. What is the units digit of t?
7
Suppose m + 1 + 10 = 0. Let c = -7 - -4. What is the units digit of c/(-2) - m/2?
7
Suppose 3*s + 0*b = -2*b + 16, 0 = 3*s - b - 10. Suppose -s*u = 16, -u - 5 + 1 = -4*t. Suppose t = 5*w - w - 32. What is the units digit of w?
8
Let q(m) = m + 4. Let a = -13 - -6. Let c be (0 - 2) + a/(-1). What is the units digit of q(c)?
9
Suppose -24 = -d - 1. What is the tens digit of d?
2
Let n = 23 + -1. What is the tens digit of n?
2
Suppose -4*c + 108 = 4. What is the tens digit of c?
2
Let g = 39 - 14. What is the tens digit of g?
2
Let v be (12/8)/((-1)/14). Let n = 28 + v. What